highest common factor of 151240 and 40.
40
What is the highest common factor of 350 and 4585?
35
What is the greatest common divisor of 329 and 163135?
7
Calculate the highest common factor of 170 and 204374.
34
Calculate the greatest common factor of 248062 and 341.
31
What is the greatest common divisor of 6634 and 1674?
62
Calculate the highest common divisor of 296922 and 697.
697
What is the greatest common factor of 3 and 16695?
3
Calculate the greatest common divisor of 123 and 222179.
41
What is the highest common divisor of 1310 and 90?
10
What is the highest common factor of 9825 and 5371?
131
What is the highest common factor of 5822 and 2?
2
Calculate the greatest common factor of 2047 and 46636.
89
Calculate the greatest common divisor of 425 and 76789.
17
Calculate the highest common divisor of 6400 and 12160.
640
Calculate the highest common factor of 26182 and 114.
38
What is the greatest common divisor of 808 and 11009?
101
What is the highest common divisor of 16769 and 1517?
41
Calculate the greatest common factor of 242 and 20031.
11
Calculate the greatest common divisor of 1760 and 113040.
80
What is the greatest common factor of 267 and 424708?
89
What is the highest common divisor of 722 and 47747?
19
What is the greatest common divisor of 246 and 2323101?
123
What is the highest common factor of 29 and 4589511?
29
Calculate the greatest common factor of 8418 and 39162.
366
What is the highest common divisor of 152 and 361?
19
Calculate the greatest common factor of 3 and 248477.
1
Calculate the greatest common factor of 2 and 35494.
2
Calculate the highest common factor of 1680 and 128.
16
What is the highest common divisor of 36228 and 292?
4
What is the highest common factor of 103899 and 21417?
177
What is the highest common divisor of 29141 and 8533?
161
Calculate the greatest common divisor of 288 and 23148.
36
What is the highest common factor of 138 and 36048?
6
What is the greatest common factor of 346053 and 93?
93
What is the highest common factor of 13181 and 441?
49
Calculate the highest common factor of 1577970 and 4137.
591
What is the greatest common factor of 20007 and 52?
13
Calculate the greatest common factor of 13 and 22793368.
13
What is the greatest common divisor of 36257 and 91?
13
What is the greatest common divisor of 161052 and 1668?
12
Calculate the highest common divisor of 1548 and 1284.
12
What is the highest common factor of 3960 and 84960?
360
What is the greatest common factor of 33894 and 168?
42
Calculate the greatest common factor of 4719 and 611.
13
Calculate the highest common divisor of 411 and 95763.
411
What is the greatest common divisor of 38964 and 120?
12
Calculate the highest common factor of 40678 and 594.
22
What is the greatest common factor of 110 and 1408715?
55
What is the greatest common factor of 679148 and 62?
62
Calculate the highest common divisor of 132 and 28336.
44
What is the greatest common divisor of 2535 and 7020?
195
What is the highest common factor of 24978 and 2208?
138
What is the highest common divisor of 12 and 10209?
3
Calculate the highest common factor of 2304 and 8028.
36
What is the highest common factor of 145285 and 5?
5
What is the highest common divisor of 363 and 102850?
121
What is the highest common divisor of 3740 and 319940?
340
Calculate the greatest common divisor of 760 and 437.
19
Calculate the highest common divisor of 2091 and 4551.
123
What is the greatest common factor of 20244 and 28?
28
Calculate the highest common factor of 745228 and 264.
44
Calculate the highest common divisor of 8455 and 1602.
89
What is the highest common divisor of 774 and 37109?
43
What is the greatest common factor of 92160 and 270?
90
What is the greatest common divisor of 25 and 4635?
5
Calculate the greatest common factor of 7 and 219212.
7
What is the greatest common factor of 454384 and 448?
112
What is the highest common divisor of 126 and 53262?
18
Calculate the greatest common factor of 17180 and 540.
20
What is the highest common divisor of 10830 and 6726?
114
What is the greatest common factor of 204 and 7701?
51
What is the greatest common factor of 19 and 24643?
19
What is the highest common factor of 22 and 19857002?
22
What is the greatest common divisor of 17523 and 8496?
531
What is the highest common divisor of 68 and 7922?
34
Calculate the highest common factor of 17262 and 6342.
42
Calculate the highest common divisor of 5184 and 1424.
16
Calculate the greatest common factor of 12636 and 11076.
156
What is the highest common factor of 1890 and 25430?
10
What is the greatest common divisor of 27 and 1692?
9
Calculate the greatest common factor of 145 and 225.
5
Calculate the greatest common divisor of 47652 and 1276.
44
What is the highest common factor of 620 and 11940?
20
Calculate the highest common divisor of 3783 and 104.
13
What is the greatest common factor of 55 and 18777?
11
What is the highest common factor of 18883 and 299?
23
What is the greatest common divisor of 146671 and 322?
161
Calculate the greatest common factor of 4992 and 229008.
624
What is the greatest common factor of 234362 and 68?
34
Calculate the greatest common divisor of 10127 and 95.
19
What is the highest common factor of 583825 and 6755?
965
What is the greatest common divisor of 613496 and 3470?
694
Calculate the greatest common divisor of 22 and 1737494.
22
What is the highest common factor of 1832 and 5176?
8
Calculate the highest common divisor of 45 and 807.
3
Calculate the highest common divisor of 2180915 and 2090.
1045
What is the highest common divisor of 14904 and 48672?
72
Calculate the greatest common factor of 330 and 16445.
55
Calculate the greatest common factor of 664648 and 5020.
1004
What is the highest common divisor of 40257 and 30033?
639
Calculate the highest common divisor of 672 and 81232.
16
What is the greatest common divisor of 3310632 and 624?
312
What is the greatest common divisor of 1162436 and 418?
22
Calculate the greatest common divisor of 529 and 46.
23
Calculate the greatest common divisor of 369098 and 358.
358
Calculate the highest common factor of 1431425 and 75.
25
Calculate the highest common factor of 33643 and 17.
17
What is the greatest common factor of 14 and 523999?
7
What is the highest common factor of 65648 and 44?
44
What is the greatest common factor of 970 and 3104?
194
What is the highest common factor of 592 and 12157016?
296
What is the greatest common factor of 69 and 9085?
23
What is the highest common divisor of 49325 and 10?
5
Calculate the greatest common divisor of 801344 and 20672.
1216
Calculate the highest common divisor of 45 and 8985.
15
Calculate the highest common factor of 9044 and 238.
238
What is the highest common factor of 4525 and 3575?
25
What is the highest common factor of 117 and 297297?
117
Calculate the greatest common factor of 4958 and 29822.
74
Calculate the greatest common factor of 200 and 25350.
50
What is the greatest common divisor of 9 and 4127103?
9
What is the highest common factor of 432 and 92142?
18
What is the highest common divisor of 13320 and 285640?
1480
What is the greatest common factor of 176993 and 17813?
379
What is the greatest common divisor of 65 and 240?
5
Calculate the highest common factor of 24717 and 3234.
231
Calculate the highest common divisor of 9105 and 34800.
15
Calculate the greatest common divisor of 299368 and 184.
184
Calculate the greatest common divisor of 551602 and 2127.
709
Calculate the highest common divisor of 2049 and 2532.
3
What is the highest common divisor of 52 and 86034?
26
Calculate the highest common factor of 61328 and 304.
16
Calculate the highest common divisor of 683070 and 30.
30
What is the highest common divisor of 75 and 3188640?
15
What is the highest common factor of 82585 and 332?
83
Calculate the highest common factor of 207092 and 1012.
92
What is the greatest common factor of 2278 and 614122?
134
Calculate the highest common factor of 14 and 75145.
7
Calculate the greatest common divisor of 551 and 1387.
19
Calculate the highest common factor of 240 and 89035.
5
Calculate the highest common factor of 227897 and 2612.
653
Calculate the greatest common divisor of 439842 and 520.
26
What is the high